9.
6
Suppose x + x = 46. What is the remainder when (-356)/(-6)*(-6)/(-4) is divided by x?
20
Let x = 215 + -172. What is the remainder when x is divided by 4?
3
Let q = -69 + 103. Let l = -23 + q. Suppose -2*g - 2*g + 16 = 0. What is the remainder when l is divided by g?
3
Suppose -5*v + 47 + 3 = z, -v + 3*z = 6. Let i = -6 + v. Calculate the remainder when 8 is divided by i.
2
Let s(b) = b**3 + 13*b**2 - 16*b + 18. Calculate the remainder when s(-14) is divided by 12.
10
Suppose 0 = 17*x - 5 - 63. Suppose -3 = 4*u - 11. Calculate the remainder when x is divided by u.
0
Let v = 93 - 61. What is the remainder when v is divided by 17?
15
Suppose 131 = p + 46. Calculate the remainder when p is divided by 22.
19
Suppose 0 = -u - 5*w + 14, -2*u + 3 = -5*w - 10. Suppose -4*t + 3 + u = 0. Suppose -87 = -t*m - 3. Calculate the remainder when m is divided by 15.
13
Calculate the remainder when (-216)/15*30/(-9) is divided by 25.
23
Let a(o) = 4*o**3 + o**2 - 2*o - 1. Let h be a(-2). What is the remainder when 63 is divided by 6/(-2) - (h + 6)?
15
Suppose -5 = -3*c - d - 2, -3*d - 5 = 2*c. Calculate the remainder when c + 2 + (-10)/(-2) is divided by 6.
3
Suppose 5*r + 378 = 3*i, 5*r - r = -3*i + 378. Let c = i - 87. Let s(o) = 3*o**3 - 4*o**2 + 4*o - 2. What is the remainder when c is divided by s(2)?
11
Let w = 25 - 0. What is the remainder when w is divided by 14?
11
Let u(f) = 5*f**3 + f**2 + f. Let m = -30 + 54. What is the remainder when u(2) is divided by m?
22
Suppose 4*s - 231 = -5*a - 86, -3*a = 2*s - 87. What is the remainder when 231 is divided by a?
28
Suppose x + 170 = 2*d - 4*x, -2*x = -5*d + 404. Suppose -7*r + d = -3*r. What is the remainder when r is divided by 11?
9
Let q be ((-12)/10)/(2/(-60)). Suppose -11 = 3*p - 4*p. Let y = p + q. What is the remainder when y is divided by 16?
15
Suppose 3*x - 61 = 581. Suppose 3*s = -5*t + 170, -44 = 5*t - s - x. Calculate the remainder when t is divided by (-2 - -1)/(2/(-36)).
16
Suppose 3*o = 3*p - 63, 0 = 2*p - p + 4*o - 46. Let s = 23 + -16. What is the remainder when p is divided by s?
5
Suppose -11 = x - 3. What is the remainder when (-264)/(-7) - x/28 is divided by 13?
12
Let u be 4 + (3 - 2)*0. Let w(k) = 3*k. Let s(h) = h + 1. Let z(q) = -2*s(q) + 2*w(q). Calculate the remainder when 27 is divided by z(u).
13
Suppose -3*q = 4*w - 7 - 12, 3*w + 2*q - 14 = 0. Suppose w*d - 11 = 45. Calculate the remainder when 40 is divided by d.
12
Let y be (-1)/(-2 + (-9)/(-5)). Suppose 2*c - 3*c = -3*t + 41, 0 = 3*t + y*c - 11. Calculate the remainder when 46 is divided by t.
10
Let f(b) = 5*b + 5. Let t be f(4). Suppose -3*a + 14 = -t. Calculate the remainder when 51 is divided by a.
12
Calculate the remainder when 90 is divided by ((-3)/3)/(1/(-23) - 0).
21
Suppose -4*m = -9*m. Suppose 2*y - k + 3 + m = 0, 3*y - 5*k + 15 = 0. Suppose n = -y*n + 33. Calculate the remainder when n is divided by 17.
16
Let r(a) = a**2 + 10*a + 14. Let b be -12 + 8/(8 - 4). Calculate the remainder when 26 is divided by r(b).
12
Let h(v) = 41*v**2 - v + 1. Suppose 0 = -2*y - 4, -4*m + 0*y + 80 = 2*y. Calculate the remainder when h(1) is divided by m.
20
Let c = 0 + -14. Let n = c + 22. Let w = n + -3. Calculate the remainder when 13 is divided by w.
3
Let w(n) = n - 10. What is the remainder when w(15) is divided by 3?
2
Suppose -2*d - 465 = d. What is the remainder when 28 is divided by d/(-15) - (-2)/(-6)?
8
Let t = 17 + -10. Calculate the remainder when 13 is divided by t.
6
Let b be (-1)/(-4) - 21/4. Let d = -3 - b. Suppose -z - 4*p + 20 = 2*z, -5*z - 5*p = -30. What is the remainder when z is divided by d?
0
Calculate the remainder when (-291)/(-4) - (95/20 + -4) is divided by 11.
6
Suppose 5*r - 27 = 2*r. What is the remainder when 35 is divided by r?
8
Suppose -d - 5 = 4*t, -3*d - 2*d - t + 32 = 0. Suppose -19 = -w + 4*a, -5*w + 3*a - d*a + 191 = 0. Calculate the remainder when w is divided by 12.
11
Let k(p) = -15*p + 10. Let c be k(7). Let i = 280 + c. Suppose -2*t + i = 3*t. What is the remainder when t is divided by 13?
11
Suppose -179 = -3*i + 2*f, 2*f - 43 - 205 = -4*i. Calculate the remainder when i is divided by 13.
9
Suppose -4*u - f = f - 12, -u - 4*f = 11. Let o = -48 + 57. What is the remainder when o is divided by u?
4
Let y(l) = -l**3 - 5*l**2 + 7*l + 8. Let w = 0 + 7. Calculate the remainder when w is divided by y(-6).
1
Suppose 5*k + y = 52, 3*k - 28 - 8 = y. Calculate the remainder when 43 is divided by k.
10
Let w be 0 + 2 + 1 - -41. Suppose -3*h + w = -103. Calculate the remainder when h is divided by 17.
15
Suppose -3*d + 10 = 2*d. Suppose 2 = 3*w + 3*k + 8, -25 = -5*w + d*k. What is the remainder when 33 is divided by 26/w + (-2)/(-6)?
6
Let u = -7 + 53. Suppose -4*s - o + 78 = 26, -3*s + 5*o = -16. Calculate the remainder when u is divided by s.
10
Suppose -2*m + 2*v + 246 = 0, -266 = -2*m - v - 2*v. Calculate the remainder when m is divided by 32.
31
Suppose -3*s - 2*s = 170. Let q = 51 + s. Let p = 30 - q. Calculate the remainder when 37 is divided by p.
11
Let y(z) = -z + 2. Let a be y(0). Suppose 0*h - 6 = -a*h. Suppose 2*l + h*v = -0*v + 62, 2*l + v = 66. Calculate the remainder when l is divided by 9.
7
Let r(a) = -a**3 + a + 99. What is the remainder when r(0) is divided by 25?
24
Suppose -5*f = -o - 32, -2*f = 2*f + 2*o - 34. What is the remainder when 46 is divided by f?
4
Let l be -19 - (2 - 3) - 1. Let v = l - -38. Calculate the remainder when 37 is divided by v.
18
Let b be 14*(-9)/6*-1. Let a = -9 + b. What is the remainder when 22 is divided by a?
10
Let p = 82 + -41. Let y(v) = -v**3 + v**2 + 14. Calculate the remainder when p is divided by y(0).
13
Let x = 15 - 27. Let r = 52 + x. Calculate the remainder when r is divided by 14.
12
Let o(t) = -t**3 + 4*t. Calculate the remainder when 59 is divided by o(-3).
14
Let w(b) = -8*b - 4. What is the remainder when w(-5) is divided by 19?
17
Suppose 0*w + 22 = w. Let k = w - 11. Let r = k - -12. Calculate the remainder when r is divided by 8.
7
Let a(c) = -c - 2. Let q be a(-4). Let o = 14 + q. Let y = 53 - 6. What is the remainder when y is divided by o?
15
Let i(r) = 16*r**2 - 1. What is the remainder when i(1) is divided by 8?
7
Suppose -u + 10 = -0*u. Suppose g = 2*g - u. Calculate the remainder when 26 is divided by g.
6
Suppose -p + 6*p = 0, -3*b + 99 = 4*p. Let k = b + 18. What is the remainder when k is divided by 13?
12
Suppose -5*a - 3 = 7. Calculate the remainder when (69/6)/(a/(-4)) is divided by 8.
7
Let j = -1 - -11. What is the remainder when 18 is divided by j?
8
Let t = 27 - -12. Calculate the remainder when t is divided by 12.
3
Let q be (-70)/(1 - (1 - -1)). Suppose -2*n + 6 = -q. Calculate the remainder when n is divided by 10.
8
Let y(b) = -b**3 + 7*b**2 - 6*b - 5. Let t be y(6). Let l(u) = u**3 + 4*u**2 - 6*u. Calculate the remainder when ((-9)/9)/(1/(-14)) is divided by l(t).
4
Let i(x) = 8*x**2 + x + 11. Calculate the remainder when i(3) is divided by 10.
6
Suppose -2*p - 5*s = -42, 3*s = 6 + 6. Calculate the remainder when (-5 - 1)/2*(-156)/9 is divided by p.
8
Suppose -5*g + 0*g - 24 = -4*f, 0 = -3*f + 2*g + 25. Let q = -392 + 397. Calculate the remainder when f is divided by q.
1
Suppose 0*w + 4*u = -w, 0 = 4*w + 5*u. Suppose -3*k = -w*k - 33. What is the remainder when k is divided by 7?
4
Suppose -51 = -8*r + 29. Let u(f) = f**3 + 5*f**2 + f + 1. Let m be u(-5). Calculate the remainder when r is divided by m/18 + 112/18.
4
Suppose -3*x + 18 + 0 = 0. Let u = 3 + x. Let k = 9 + u. What is the remainder when 35 is divided by k?
17
Let a(y) = -y**2 + 5*y - 2. Let c be a(6). Let x = c + 2. Let q(k) = -2*k + 2. What is the remainder when 27 is divided by q(x)?
13
Suppose 0 = -f - f - 4*r + 66, 0 = 5*r - 5. Calculate the remainder when 64 is divided by f.
2
Suppose 3*z = -5*g - 217, -g - 13 = 5*z + 26. Let p = g - -66. Calculate the remainder when p is divided by 12.
10
Let l be (9/(-3))/3 - -3. Suppose 4*h = -2*n, 5*h - l*n + 22 = n. Let g = 41 - h. Calculate the remainder when g is divided by 15.
13
Let o(s) = s**3 - 7*s**2 + s - 4. Let r be o(7). Suppose -5*z + 7 = -2*x, -z = x + r*z - 16. What is the remainder when 7 is divided by x?
3
Let h = 30 - 20. Suppose -d - 6 = -r, -3*r + 4*r - 8 = 2*d. Let b(j) 